.
2, 5, 113, 229
What are the prime factors of 4672983?
3, 7, 83, 383
What are the prime factors of 5796525?
3, 5, 7, 61, 181
List the prime factors of 233117.
233117
What are the prime factors of 6440103?
3, 715567
List the prime factors of 111456.
2, 3, 43
List the prime factors of 4231134.
2, 3, 313, 751
What are the prime factors of 401603?
19, 23, 919
List the prime factors of 725643.
3, 80627
What are the prime factors of 7491062?
2, 3745531
List the prime factors of 1614717.
3, 13, 37, 373
What are the prime factors of 1003658?
2, 501829
What are the prime factors of 23244145?
5, 23, 107, 1889
List the prime factors of 119077.
7, 17011
What are the prime factors of 880127?
880127
List the prime factors of 387594.
2, 3, 61, 353
What are the prime factors of 100374?
2, 3, 16729
List the prime factors of 407778.
2, 3, 7, 19, 73
List the prime factors of 4002968.
2, 31, 16141
List the prime factors of 1709809.
17, 43, 2339
List the prime factors of 455197.
179, 2543
What are the prime factors of 140386?
2, 17, 4129
List the prime factors of 29279139.
3, 9759713
List the prime factors of 17743608.
2, 3, 246439
List the prime factors of 2404339.
7, 97, 3541
What are the prime factors of 257481?
3, 7, 61, 67
What are the prime factors of 245912?
2, 59, 521
List the prime factors of 376895.
5, 43, 1753
What are the prime factors of 1174266?
2, 3, 89, 733
What are the prime factors of 2035121?
11, 17, 10883
What are the prime factors of 195919?
195919
What are the prime factors of 246378?
2, 3, 11, 3733
What are the prime factors of 295150?
2, 5, 5903
List the prime factors of 2557533.
3, 11, 19, 4079
What are the prime factors of 144464?
2, 9029
List the prime factors of 16395387.
3, 337, 16217
List the prime factors of 75171.
3, 25057
What are the prime factors of 4141675?
5, 165667
List the prime factors of 14132648.
2, 1766581
List the prime factors of 408575.
5, 59, 277
List the prime factors of 5091687.
3, 17, 11093
List the prime factors of 782256.
2, 3, 43, 379
List the prime factors of 3430236.
2, 3, 29, 9857
List the prime factors of 1036353.
3, 345451
List the prime factors of 150536.
2, 31, 607
What are the prime factors of 9139448?
2, 1142431
List the prime factors of 929542.
2, 464771
List the prime factors of 5898353.
43, 229, 599
List the prime factors of 3998713.
47, 149, 571
What are the prime factors of 74633?
13, 5741
What are the prime factors of 241622?
2, 120811
List the prime factors of 2638483.
137, 19259
What are the prime factors of 430975?
5, 17239
What are the prime factors of 2970312?
2, 3, 23, 5381
List the prime factors of 1492591.
163, 9157
What are the prime factors of 2354825?
5, 11, 8563
List the prime factors of 1359570.
2, 3, 5, 45319
List the prime factors of 2550942.
2, 3, 141719
What are the prime factors of 6460608?
2, 3, 7, 11, 19, 23
List the prime factors of 3502373.
7, 10211
List the prime factors of 1431434.
2, 17, 42101
List the prime factors of 263046.
2, 3, 7, 6263
What are the prime factors of 265779?
3, 29531
List the prime factors of 145681.
145681
What are the prime factors of 756686?
2, 7, 54049
List the prime factors of 2073372.
2, 3, 7, 24683
What are the prime factors of 638006?
2, 71, 4493
List the prime factors of 254953.
193, 1321
What are the prime factors of 216993?
3, 7, 10333
List the prime factors of 4686475.
5, 17, 11027
What are the prime factors of 1467663?
3, 281, 1741
What are the prime factors of 2552230?
2, 5, 31, 8233
List the prime factors of 379442.
2, 7, 27103
List the prime factors of 726355.
5, 7, 20753
List the prime factors of 475158.
2, 3, 79193
List the prime factors of 266986.
2, 133493
List the prime factors of 255318.
2, 3, 7, 6079
What are the prime factors of 6181691?
853, 7247
What are the prime factors of 150911?
229, 659
List the prime factors of 50688.
2, 3, 11
What are the prime factors of 14025632?
2, 438301
What are the prime factors of 6708812?
2, 11, 17, 8969
List the prime factors of 1870896.
2, 3, 38977
List the prime factors of 109047.
3, 163, 223
What are the prime factors of 191448?
2, 3, 2659
List the prime factors of 16764729.
3, 5588243
What are the prime factors of 41933?
19, 2207
What are the prime factors of 298566?
2, 3, 19, 97
What are the prime factors of 17556049?
7, 29, 197, 439
List the prime factors of 486831.
3, 162277
List the prime factors of 445275.
3, 5, 1979
What are the prime factors of 284207?
7, 11, 3691
What are the prime factors of 1053977?
67, 15731
What are the prime factors of 1418161?
1418161
What are the prime factors of 958507?
11, 79, 1103
What are the prime factors of 22401406?
2, 31, 361313
What are the prime factors of 508252?
2, 61, 2083
What are the prime factors of 1498040?
2, 5, 17, 2203
List the prime factors of 1644532.
2, 29, 14177
What are the prime factors of 469742?
2, 7, 13, 29, 89
List the prime factors of 378766.
2, 229, 827
List the prime factors of 10490495.
5, 43, 59, 827
List the prime factors of 154197.
3, 5711
What are the prime factors of 796800?
2, 3, 5, 83
List the prime factors of 962354.
2, 481177
List the prime factors of 3433406.
2, 1716703
What are the prime factors of 1812588?
2, 3, 151049
List the prime factors of 506030.
2, 5, 7, 7229
List the prime factors of 249078.
2, 3, 41513
What are the prime factors of 2141633?
13, 151, 1091
List the prime factors of 7186500.
2, 3, 5, 1597
What are the prime factors of 113096?
2, 67, 211
What are the prime factors of 806376?
2, 3, 33599
What are the prime factors of 347305?
5, 7, 9923
List the prime factors of 414788.
2, 11, 857
List the prime factors of 20468770.
2, 5, 7, 37, 1129
What are the prime factors of 9147619?
13, 703663
What are the prime factors of 5928936?
2, 3, 13, 31, 613
What are the prime factors of 884106?
2, 3, 49117
What are the prime factors of 637566?
2, 3, 106261
List the prime factors of 11996971.
7, 1713853
List the prime factors of 221759.
103, 2153
What are the prime factors of 58358?
2, 29179
List the prime factors of 10937149.
257, 42557
What are the prime factors of 1913739?
3, 29, 21997
List the prime factors of 221786.
2, 173, 641
What are the prime factors of 27870?
2, 3, 5, 929
List the prime factors of 2076769.
761, 2729
List the prime factors of 5026438.
2, 1069, 2351
List the prime factors of 527353.
527353
List the prime factors of 703097.
107, 6571
List the prime factors of 3585741.
3, 1195247
List the prime factors of 368389.
7, 52627
List the prime factors of 181414.
2, 61, 1487
List the prime factors of 6687086.
2, 7, 17, 28097
List the prime factors of 282752.
2, 47
List the prime factors of 109.
109
List the prime factors of 1514052.
2, 3, 4673
What are the prime factors of 919028?
2, 11, 20887
List the prime factors of 1146609.
3, 42467
What are the prime factors of 863450?
2, 5, 7, 2467
What are the prime factors of 18832?
2, 11, 107
What are the prime factors of 4212717?
3, 127, 11057
List the prime factors of 188153.
7, 26879
What are the prime factors of 751817?
11, 41, 1667
What are the prime factors of 569544?
2, 3, 19, 1249
List the prime factors of 2359823.
23, 37, 47, 59
What are the prime factors of 3995305?
5, 799061
What are the prime factors of 444193?
17, 29, 53
What are the prime factors of 25773?
3, 11, 71
List the prime factors of 14204952.
2, 3, 83, 2377
What are the prime factors of 7856365?
5, 11, 83, 1721
What are the prime factors of 2154713?
11, 195883
List the prime factors of 379042.
2, 79, 2399
What are the prime factors of 19279?
13, 1483
What are the prime factors of 345914?
2, 19, 9103
List the prime factors of 1058417.
277, 3821
List the prime factors of 219943.
219943
List the prime factors of 37301265.
3, 5, 828917
What are the prime factors of 4088320?
2, 5, 1597
What are the prime factors of 777055?
5, 23, 29, 233
What are the prime factors of 2767751?
7, 23, 17191
List the prime factors of 456807.
3, 13, 17, 53
What are the prime factors of 1382205?
3, 5, 11, 8377
What are the prime factors of 11111553?
3, 23, 29, 617
What are the prime factors of 882408?
2, 3, 36767
What are the prime factors of 7404430?
2, 5, 11, 83, 811
What are the prime factors of 267019?
17, 113, 139
List the prime factors of 5381561.
5381561
What are the prime factors of 14868458?
2, 1